j + 204. Give c(23).
-49
Let m(y) = -3890*y - 10506. Calculate m(-3).
1164
Let h(m) = -4*m**3 - 17*m**2 + 141*m - 263. Give h(-9).
7
Let v(b) = -23588*b - 94524. Calculate v(-4).
-172
Let f(d) = -527*d + 41762. Determine f(73).
3291
Let d(i) = 987144*i + 25. What is d(0)?
25
Let b(z) = -z**3 - 193*z**2 - 165*z + 5106. Determine b(-192).
-78
Let c(a) = -2*a**3 - 63*a**2 + 540*a + 4922. Determine c(-37).
1
Let r(f) = 9*f**2 - 396*f - 4484. What is r(-11)?
961
Let q(k) = k**3 + 567*k**2 + 9352*k + 43. Calculate q(-17).
9
Let g(f) = -f**3 - 254*f**2 - 8592*f + 13107. Determine g(-42).
3
Let i(t) = 21363*t**2 + 192259*t - 23. What is i(-9)?
49
Let g(w) = -w**3 + 157*w**2 + 601*w + 6953. What is g(161)?
30
Let g(j) = 322*j + 39550. What is g(-123)?
-56
Let r(t) = -4*t**2 - 638*t + 8088. Calculate r(12).
-144
Let d(z) = -1013*z - 3913. What is d(-4)?
139
Let z(n) = -3*n**3 + 1346*n**2 + 453*n - 1791. What is z(449)?
5
Let l(w) = 5600*w - 100848. Give l(18).
-48
Let q(p) = 55222*p + 607433. Give q(-11).
-9
Let a(y) = y**3 + 230*y**2 + 905*y - 1745. What is a(-226)?
-1971
Let y(m) = 18*m**2 - 116*m + 333. Determine y(18).
4077
Let h(n) = -n**3 - 22*n**2 - 254*n - 14319. What is h(-30)?
501
Let x(s) = -107*s**3 + 10*s**2 - 35*s + 3. What is x(2)?
-883
Let g(c) = 99*c - 31526. Give g(315).
-341
Let p(w) = 2*w**2 + 3748*w + 85176. Determine p(-23).
30
Let h(t) = -t**2 + 95344*t - 59952055. Determine h(633).
8
Let s(r) = 3*r**2 - 21*r - 286. Determine s(-7).
8
Let k(y) = 2261*y - 4498. What is k(2)?
24
Let y(l) = -3004*l**2 + 18024*l + 13. Determine y(6).
13
Let u(w) = -w**3 + 69*w**2 + 6*w - 7002. Give u(0).
-7002
Let l(s) = 4*s**2 - 1159*s - 38366. Give l(-30).
4
Let m(s) = 3*s**3 + 3*s**2 - 218*s - 803. Calculate m(-4).
-75
Let j(x) = 17*x**2 + 32*x - 135. Give j(-4).
9
Let k(s) = s**3 - 293*s**2 + 426*s - 299718. Determine k(295).
2
Let i(c) = 162*c**2 - 8390*c + 6491. Calculate i(51).
-37
Let h(u) = 97*u + 4849. Calculate h(-55).
-486
Let x(r) = 46*r**2 - 2424*r - 744. Determine x(53).
-2
Let z(h) = -3*h**2 - 301*h + 4929. Calculate z(17).
-1055
Let a(g) = -g**3 - 17*g**2 + 43*g + 47. Determine a(-19).
-48
Let w(f) = 2*f**2 - 2153*f + 430059. Determine w(265).
-36
Let k(j) = -565*j**2 + 1863*j - 513. Give k(3).
-9
Let y(s) = -3089*s - 858739. What is y(-278)?
3
Let m(i) = 45688*i - 182751. Determine m(4).
1
Let h(k) = k**3 - 24*k**2 + 162*k - 346. What is h(13)?
-99
Let a(x) = -12*x**2 + 617*x - 244. Give a(52).
-608
Let f(c) = -c**3 - 72*c**2 - 329*c + 21. Calculate f(-5).
-9
Let w(h) = 126*h**2 - 1617*h + 4845. What is w(3)?
1128
Let v(k) = -k**2 + 2137*k + 27851. Give v(-13).
-99
Let b(z) = 8*z**2 + 53*z - 286. What is b(6)?
320
Let d(s) = -49*s - 1424. What is d(99)?
-6275
Let h(j) = 180480*j + 4331524. What is h(-24)?
4
Let u(h) = -2*h**2 - 489*h - 27419. Give u(-88).
125
Let w(a) = 86*a**2 + 1833*a - 4015. Determine w(2).
-5
Let a(x) = -x**3 + 1793*x**2 - 12503*x + 58. Determine a(7).
51
Let d(p) = -2*p**2 - 133*p - 3437. What is d(-49)?
-1722
Let v(z) = z**3 - 10*z**2 - 96*z + 1014. Calculate v(9).
69
Let m(k) = 951*k - 6990. What is m(8)?
618
Let r(g) = -2224*g + 73401. Give r(33).
9
Let z(r) = 13*r**2 + 2401*r - 99946. Give z(35).
14
Let z(g) = 2*g**3 + 765*g**2 + 4175*g + 10550. Give z(-377).
-6
Let a(g) = -g**3 + 58*g**2 - 146*g + 1540. Calculate a(56).
-364
Let p(k) = -21*k + 588. What is p(31)?
-63
Let t(h) = h**2 + 1623*h + 362050. Determine t(-267).
-2
Let k(y) = -46*y**3 - y**2 + 36*y - 35. Calculate k(1).
-46
Let t(h) = -20*h**2 - 138*h - 25. Calculate t(-9).
-403
Let l(z) = -z**3 - 195*z**2 - 851*z + 18777. Give l(-190).
-33
Let i(a) = a**3 - 1475*a + 5899. Give i(4).
63
Let p(i) = 28382*i + 3349074. Give p(-118).
-2
Let z(u) = 16*u**3 - 340*u**2 + 410*u - 222. Determine z(20).
-22
Let c(z) = -z**3 - 19*z**2 + 11840*z + 292244. Determine c(-25).
-6
Let v(z) = 5*z**3 - 3*z**2 + 35*z + 40. Determine v(5).
765
Let j(x) = 11553*x - 3673848. Give j(318).
6
Let g(k) = 35*k**2 + 121*k - 1048. Give g(4).
-4
Let d(w) = -3*w**3 + 862*w**2 - 47505*w + 1280. Calculate d(213).
2
Let l(s) = -661*s + 40477. Give l(61).
156
Let n(b) = -b**3 - 71*b**2 - 258*b + 934. Give n(-67).
264
Let x(f) = -f**3 - 26*f**2 + 94*f + 313. Calculate x(-28).
-751
Let p(c) = 2*c**3 - 1489*c**2 + 6659*c + 719. Calculate p(740).
-21
Let t(v) = -v**2 - 181*v - 2740. Calculate t(-163).
194
Let k(w) = -43*w**2 + 2258*w + 963. Give k(53).
-150
Let m(y) = 818*y - 19454. Calculate m(24).
178
Let y(w) = -3968*w - 51491. What is y(-13)?
93
Let g(b) = -497*b - 3725. Calculate g(-7).
-246
Let o(u) = 4245*u + 611241. Determine o(-144).
-39
Let j(q) = -q**3 + 42*q**2 + 45*q + 767. Calculate j(44).
-1125
Let b(i) = 18*i**2 + 471*i + 22. Give b(-27).
427
Let d(p) = -2*p**2 + 650*p - 30527. Give d(57).
25
Let c(g) = 25267*g + 126329. Calculate c(-5).
-6
Let b(a) = a**2 + 88*a + 1993. What is b(-68)?
633
Let t(q) = 7*q**2 + 158*q + 738. What is t(-8)?
-78
Let d(f) = -2*f**3 + 19*f**2 + 639*f - 7483. Calculate d(11).
-817
Let h(d) = -d**2 + 3349*d + 187237. Determine h(-55).
17
Let f(i) = -1136095*i - 46579896. Calculate f(-41).
-1
Let v(y) = -2*y**3 + 653*y**2 + 9884*y + 1746. What is v(341)?
41
Let p(l) = 9*l**2 + 178*l - 683. Determine p(-23).
-16
Let a(s) = -s**3 + 582*s**2 - 865*s + 164958. Calculate a(581).
-46
Let w(g) = -299*g**2 - 5706*g + 20. Determine w(-19).
495
Let k(j) = -328*j + 39032. Calculate k(119).
0
Let f(s) = -36106*s - 108507. Determine f(-3).
-189
Let c(f) = -856*f + 39329. What is c(45)?
809
Let s(n) = 141*n**2 - 60*n + 58. Give s(1).
139
Let m(s) = -8343*s + 67. Determine m(0).
67
Let v(a) = -76*a**3 + 3664*a**2 + 2937*a + 146. What is v(49)?
-1
Let w(l) = 4419*l - 123740. What is w(28)?
-8
Let j(u) = 1019*u - 2575. Give j(3).
482
Let j(t) = -t**3 - 16*t**2 - 4*t - 4. Determine j(-9).
-535
Let u(z) = -11*z**2 - 2681*z - 59564. Determine u(-219).
4
Let m(w) = 7*w**2 - 4966*w - 136874. Give m(736).
22
Let w(j) = j**3 - 104*j**2 + 655*j + 2939. What is w(97)?
611
Let j(f) = -5346*f - 299405. What is j(-56)?
-29
Let x(y) = -538*y + 1665. Determine x(3).
51
Let q(z) = -248*z**2 + 368029*z + 4436. Give q(1484).
-16
Let w(o) = o**3 + 21*o**2 - 170*o - 3646. Determine w(-22).
-390
Let u(q) = -884*q - 312027. Calculate u(-353).
25
Let u(x) = -x**2 + 134*x - 2734. What is u(69)?
1751
Let f(b) = -b**3 - 16*b**2 + 30*b + 658. Determine f(-15).
-17
Let w(u) = u**3 + 22*u**2 - 158*u - 3762. Give w(-21).
-3
Let j(f) = 3*f**2 + 172*f + 1160. Give j(-46).
-404
Let k(n) = -2*n**2 - 356*n + 231294. What is k(263)?
-672
Let t(f) = -4564*f - 588756. Determine t(-129).
0
Let i(u) = 53*u**2 - 161*u + 387. What is i(2)?
277
Let u(l) = 232*l - 6711. Calculate u(30).
249
Let j(z) = 309737*z + 19513412. Determine j(-63).
-19
Let d(s) = 3*s**2 + 29151*s + 2140748. Give d(-74).
2
Let s(m) = m**3 - 278*m**2 - 802*m - 11518. Calculate s(281).
3
Let a(c) = 2*c**3 + 265*c**2 + 120*c - 2274. What is a(-132)?
-690
Let g(l) = -14*l**2 - 143*l - 41. What is g(-9)?
112
Let h(q) = 2*q**3 + 226*q**2 - 224*q + 570. Determine h(-114).
114
Let w(p) = 3*p**2 + 324*p + 4616. Calculate w(-15).
431
Let r(w) = -w**3 + 207*w**2 + 623*w + 1349. Determine r(210).
-121
Let i(p) = -74884*p - 2246507. Calculate i(-30).
13
Let w(o) = -2*o**3 - 1793*o**2 + 39481*o + 6422. Determine w(-918).
-4
Let t(c) = 112*c - 9230. Give t(85).
290
Let o(g) = 4*g**2 + 191*g - 88. Calculate o(-47).
-229
Let m(c) = -6138*c + 2639370. Determine m(430).
30
Let s(h) = 208684*h - 3130275. Determine s(15).
-15
Let l(f) = -4*f**3 - 26*f**2 - 15*f - 83. Give l(-6).
-65
Let k(u) = 2*u**2 + 57*u + 437. Calculate k(-9).
86
Let q(c) = -13*c**3 + 18*c**2 + c - 12. Calculate q(2).
-42
Let x(w) = 5*w**2 + 595*w - 48866. Determine x(56).
134
Let h(y) = 9720*y - 49853. What is h(5)?
-1253
Let x(b) = 21240*b + 1954169. Calculate x(-92).
89
Let m(l) = -11132*l + 190209. What is m(17)?
965
Let y(v) = 90732*v + 272202. Determine y(-3).
6
Let s(m) = 3*m**3 + 915*m**2 - 1851*m - 2739. Give s(-307).
24
Let p(j) = -36*j**2 + 266*j - 207. Determine p(6).
93
Let n(a) = -122*a**2 + 50141*a + 271. Determine n(411).
-140
Let x(p) = 2958*p**2 + 68039*p + 90. Determine x(-23).
-25
Let l(s) = 93*s**3 + 13578*s**2 + 42*s + 6145. Determine l(-146).
13
Let d(h) =